n 90 is divided by 7?
6
What is the remainder when 687 is divided by 135?
12
What is the remainder when 4807 is divided by 685?
12
What is the remainder when 249 is divided by 86?
77
What is the remainder when 46 is divided by 20?
6
What is the remainder when 3055 is divided by 11?
8
Calculate the remainder when 279 is divided by 35.
34
Calculate the remainder when 366 is divided by 42.
30
Calculate the remainder when 31 is divided by 22.
9
Calculate the remainder when 21931 is divided by 9.
7
Calculate the remainder when 229 is divided by 21.
19
Calculate the remainder when 480 is divided by 127.
99
What is the remainder when 988 is divided by 16?
12
What is the remainder when 180 is divided by 37?
32
Calculate the remainder when 101 is divided by 37.
27
Calculate the remainder when 740 is divided by 28.
12
Calculate the remainder when 3407 is divided by 1135.
2
What is the remainder when 1117 is divided by 13?
12
Calculate the remainder when 2810 is divided by 21.
17
Calculate the remainder when 191 is divided by 97.
94
What is the remainder when 8602 is divided by 29?
18
Calculate the remainder when 123 is divided by 14.
11
What is the remainder when 362 is divided by 179?
4
Calculate the remainder when 456 is divided by 17.
14
Calculate the remainder when 284 is divided by 139.
6
Calculate the remainder when 3149 is divided by 524.
5
Calculate the remainder when 1355 is divided by 450.
5
Calculate the remainder when 65 is divided by 38.
27
Calculate the remainder when 11358 is divided by 284.
282
Calculate the remainder when 324 is divided by 15.
9
Calculate the remainder when 613 is divided by 119.
18
What is the remainder when 1312 is divided by 53?
40
Calculate the remainder when 195 is divided by 94.
7
Calculate the remainder when 155 is divided by 2.
1
Calculate the remainder when 7031 is divided by 105.
101
What is the remainder when 8157 is divided by 12?
9
What is the remainder when 486 is divided by 182?
122
Calculate the remainder when 298 is divided by 76.
70
What is the remainder when 1621 is divided by 32?
21
Calculate the remainder when 3568 is divided by 64.
48
Calculate the remainder when 56 is divided by 31.
25
What is the remainder when 297 is divided by 12?
9
What is the remainder when 7019 is divided by 45?
44
What is the remainder when 520 is divided by 268?
252
Calculate the remainder when 367 is divided by 34.
27
What is the remainder when 420 is divided by 187?
46
Calculate the remainder when 182 is divided by 65.
52
Calculate the remainder when 63 is divided by 48.
15
What is the remainder when 132 is divided by 62?
8
What is the remainder when 276 is divided by 273?
3
Calculate the remainder when 73 is divided by 20.
13
What is the remainder when 38 is divided by 8?
6
Calculate the remainder when 4617 is divided by 6.
3
Calculate the remainder when 3270 is divided by 1631.
8
Calculate the remainder when 2628 is divided by 94.
90
Calculate the remainder when 428 is divided by 31.
25
What is the remainder when 3643 is divided by 1817?
9
Calculate the remainder when 110 is divided by 42.
26
What is the remainder when 161 is divided by 47?
20
Calculate the remainder when 12185 is divided by 44.
41
What is the remainder when 2333 is divided by 41?
37
Calculate the remainder when 3855 is divided by 16.
15
What is the remainder when 326 is divided by 305?
21
Calculate the remainder when 1282 is divided by 162.
148
What is the remainder when 531 is divided by 14?
13
What is the remainder when 1037 is divided by 3?
2
Calculate the remainder when 62 is divided by 18.
8
Calculate the remainder when 715 is divided by 72.
67
Calculate the remainder when 846 is divided by 17.
13
Calculate the remainder when 196 is divided by 66.
64
Calculate the remainder when 8 is divided by 6.
2
Calculate the remainder when 124 is divided by 39.
7
Calculate the remainder when 168 is divided by 36.
24
Calculate the remainder when 3290 is divided by 66.
56
Calculate the remainder when 886 is divided by 8.
6
Calculate the remainder when 4646 is divided by 290.
6
What is the remainder when 40 is divided by 22?
18
Calculate the remainder when 1230 is divided by 1227.
3
Calculate the remainder when 480 is divided by 53.
3
What is the remainder when 51 is divided by 11?
7
Calculate the remainder when 43 is divided by 33.
10
Calculate the remainder when 555 is divided by 543.
12
What is the remainder when 535 is divided by 67?
66
Calculate the remainder when 222 is divided by 7.
5
Calculate the remainder when 809 is divided by 54.
53
Calculate the remainder when 1876 is divided by 620.
16
Calculate the remainder when 49 is divided by 22.
5
Calculate the remainder when 195 is divided by 62.
9
What is the remainder when 543 is divided by 25?
18
What is the remainder when 204 is divided by 77?
50
Calculate the remainder when 1939 is divided by 159.
31
Calculate the remainder when 848 is divided by 37.
34
What is the remainder when 132 is divided by 43?
3
What is the remainder when 232 is divided by 122?
110
Calculate the remainder when 279 is divided by 24.
15
Calculate the remainder when 284 is divided by 196.
88
What is the remainder when 362 is divided by 11?
10
Calculate the remainder when 103 is divided by 54.
49
Calculate the remainder when 291 is divided by 50.
41
Calculate the remainder when 369 is divided by 62.
59
What is the remainder when 61 is divided by 21?
19
Calculate the remainder when 1360 is divided by 357.
289
Calculate the remainder when 794 is divided by 14.
10
Calculate the remainder when 1603 is divided by 201.
196
Calculate the remainder when 17862 is divided by 154.
152
What is the remainder when 42 is divided by 32?
10
What is the remainder when 347 is divided by 71?
63
Calculate the remainder when 965 is divided by 64.
5
Calculate the remainder when 37770 is divided by 284.
282
Calculate the remainder when 6711 is divided by 85.
81
Calculate the remainder when 392 is divided by 196.
0
What is the remainder when 35905 is divided by 47?
44
What is the remainder when 34 is divided by 15?
4
What is the remainder when 24248 is divided by 125?
123
What is the remainder when 114 is divided by 34?
12
Calculate the remainder when 1979 is divided by 546.
341
What is the remainder when 174 is divided by 88?
86
What is the remainder when 581 is divided by 50?
31
What is the remainder when 854 is divided by 253?
95
What is the remainder when 4090 is divided by 105?
100
What is the remainder when 71 is divided by 55?
16
What is the remainder when 307 is divided by 304?
3
Calculate the remainder when 11549 is divided by 11.
10
Calculate the remainder when 2328 is divided by 63.
60
Calculate the remainder when 353 is divided by 8.
1
Calculate the remainder when 2001 is divided by 11.
10
Calculate the remainder when 216 is divided by 7.
6
Calculate the remainder when 15443 is divided by 26.
25
What is the remainder when 262 is divided by 128?
6
What is the remainder when 57 is divided by 5?
2
What is the remainder when 8601 is divided by 11?
10
Calculate the remainder when 146 is divided by 62.
22
Calculate the remainder when 7449 is divided by 1860.
9
What is the remainder when 408 is divided by 15?
3
What is the remainder when 14 is divided by 7?
0
What is the remainder when 858 is divided by 20?
18
What is the remainder when 93 is divided by 24?
21
Calculate the remainder when 785 is divided by 97.
9
Calculate the remainder when 112 is divided by 41.
30
What is the remainder when 1244 is divided by 56?
12
What is the remainder when 96 is divided by 36?
24
Calculate the remainder when 401 is divided by 63.
23
Calculate the remainder when 224 is divided by 29.
21
What is the remainder when 389 is divided by 14?
11
Calculate the remainder when 110 is divided by 71.
39
What is the remainder when 3792 is divided by 136?
120
What is the remainder when 398 is divided by 124?
26
What is the remainder when 180 is divided by 62?
56
Calculate the remainder when 142 is divided by 33.
10
What is the remainder when 274 is divided by 12?
10
What is the remainder when 346 is divided by 343?
3
What is the remainder when 126 is divided by 35?
21
What is the remainder when 86 is divided by 14?
2
What is the remainder when 429 is divided by 88?
77
Calcul